ultiple of 5?
False
Is 47609554 a multiple of 3?
False
Is 894276 a multiple of 12?
True
Is 7 a factor of 186924336?
False
Is 36 a factor of 2019528?
True
Does 33 divide 101273836?
False
Does 27 divide 36424350?
True
Does 2 divide 57862667?
False
Is 356 a factor of 2988157923?
False
Is 41 a factor of 270099444?
False
Is 49 a factor of 299964427?
True
Is 288720844 a multiple of 2792?
False
Is 5780490 a multiple of 258?
True
Does 43 divide 100156030?
True
Does 33 divide 800873601?
True
Does 111 divide 2355824543?
False
Is 69743025 a multiple of 303?
True
Is 7 a factor of 3488003715?
True
Is 309169440 a multiple of 1180?
True
Is 249054480 a multiple of 90?
True
Is 692 a factor of 891831425?
False
Does 12 divide 1935708?
True
Does 43 divide 346277323?
True
Does 18 divide 2948815?
False
Does 390 divide 78341579?
False
Does 1331 divide 45418053?
False
Is 323 a factor of 439522620?
False
Does 2508 divide 14786482?
False
Is 318370006 a multiple of 93?
False
Does 3919 divide 275874086?
True
Is 74302591 a multiple of 26?
False
Does 54 divide 625031100?
True
Does 243 divide 100843011?
False
Does 46 divide 2801329?
False
Is 6237075 a multiple of 975?
True
Is 1250326351 a multiple of 331?
True
Is 79538784 a multiple of 3128?
True
Is 1048 a factor of 44527581?
False
Does 485 divide 517433405?
True
Is 50 a factor of 55593100?
True
Is 66 a factor of 668235776?
False
Is 53505435 a multiple of 89?
False
Is 25984233 a multiple of 99?
True
Does 47 divide 517252484?
True
Is 3 a factor of 21681557?
False
Does 402 divide 1760442?
False
Is 1113 a factor of 44616831?
True
Is 4799197 a multiple of 20?
False
Is 173792759 a multiple of 2689?
True
Is 3117170 a multiple of 35?
True
Does 918 divide 2528548288?
False
Does 197 divide 4018414142?
False
Does 697 divide 117698059?
False
Is 2404027105 a multiple of 196?
False
Is 69594201 a multiple of 16?
False
Does 70 divide 70068740?
True
Is 13 a factor of 1936493?
True
Is 9 a factor of 1773099?
True
Is 4 a factor of 36603204?
True
Is 608554716 a multiple of 28?
True
Is 226108663 a multiple of 28?
False
Does 56 divide 756197456?
True
Is 11 a factor of 223612477?
True
Is 42869355 a multiple of 5?
True
Is 2162787482 a multiple of 42?
False
Is 17037454 a multiple of 40?
False
Is 911199 a multiple of 37?
True
Is 239 a factor of 358908023?
False
Does 2767 divide 1048183090?
False
Is 560458710 a multiple of 378?
True
Is 133967124 a multiple of 18?
True
Does 146 divide 311143275?
False
Is 2915024620 a multiple of 423?
False
Does 247 divide 13569580?
False
Is 378 a factor of 417548962?
False
Is 2853353568 a multiple of 148?
True
Does 330 divide 202007190?
True
Is 15641059 a multiple of 7?
True
Is 104 a factor of 7828152384?
True
Does 1441 divide 88748852?
False
Does 11 divide 26279550?
True
Does 118 divide 1189479434?
False
Is 93915603 a multiple of 119?
False
Does 323 divide 91395111?
True
Is 328737426 a multiple of 303?
True
Is 1677263 a multiple of 89?
False
Is 72471108 a multiple of 6?
True
Does 432 divide 26274692?
False
Does 323 divide 56173253?
True
Does 1240 divide 250923277?
False
Does 26 divide 82727866?
True
Is 96252801 a multiple of 14?
False
Is 8066640 a multiple of 464?
True
Is 16 a factor of 42929513?
False
Is 242 a factor of 14991658?
True
Is 590 a factor of 10243505?
False
Is 42 a factor of 557289897?
False
Is 861521473 a multiple of 19?
False
Is 25937757 a multiple of 531?
True
Does 35 divide 70917597?
False
Does 9 divide 867812371?
False
Is 139347883 a multiple of 31?
True
Does 1160 divide 657086727?
False
Does 2 divide 1967188?
True
Does 5 divide 189374477?
False
Is 21790985 a multiple of 104?
False
Does 190 divide 356938795?
False
Is 46499750 a multiple of 110?
True
Is 194434317 a multiple of 3?
True
Is 419 a factor of 1609325956?
False
Does 14 divide 53894992?
False
Is 36845216 a multiple of 409?
False
Does 3215 divide 232319115?
True
Does 149 divide 16956505?
False
Is 92125741 a multiple of 7?
False
Is 301 a factor of 7803444?
False
Is 10 a factor of 1044102?
False
Is 12 a factor of 62494500?
True
Does 598 divide 265632541?
False
Does 23 divide 47809529?
False
Is 742 a factor of 28868309?
False
Is 178400968 a multiple of 151?
False
Is 286 a factor of 27339026?
True
Is 163913496 a multiple of 16?
False
Is 15957324 a multiple of 12?
True
Is 64 a factor of 55751040?
True
Is 3198720 a multiple of 256?
True
Does 85 divide 1595200355?
True
Is 628 a factor of 23631012?
True
Is 129 a factor of 118882917?
True
Is 530094191 a multiple of 1680?
False
Is 1503445680 a multiple of 10?
True
Is 324167328 a multiple of 96?
True
Is 25855723 a multiple of 11?
False
Is 1290 a factor of 616451056?
False
Is 31882740 a multiple of 2764?
True
Is 79713742 a multiple of 566?
True
Does 282 divide 23759783?
False
Does 12 divide 27791400?
True
Is 1826467260 a multiple of 555?
True
Is 17 a factor of 358065832?
True
Is 81 a factor of 45952774?
False
Is 32 a factor of 20025914?
False
Is 3589527846 a multiple of 638?
False
Does 549 divide 262687716?
True
Is 6 a factor of 91058721?
False
Is 756 a factor of 321785801?
False
Is 189 a factor of 826877268?
True
Is 113360796 a multiple of 27?
True
Does 638 divide 956754370?
True
Is 4813458615 a multiple of 81?
True
Is 10 a factor of 837470?
True
Is 23 a factor of 788849446?
True
Is 14 a factor of 138664757?
False
Does 90 divide 49613670?
True
Does 25 divide 9387775?
True
Is 33 a factor of 755300859?
False
Is 545050746 a multiple of 1909?
False
Is 40 a factor of 20030520?
True
Does 1545 divide 214773540?
True
Is 3531 a factor of 4357287944?
False
Does 1189 divide 662516745?
True
Is 4 a factor of 63714845?
False
Does 5310 divide 63258030?
True
Does 13 divide 747127460?
False
Is 62473478 a multiple of 2831?
False
Does 1010 divide 1451749895?
False
Is 80029123 a multiple of 125?
False
Does 12 divide 117281160?
True
Is 48870468 a multiple of 36?
True
Is 14 a factor of 577828433?
False
Is 1347 a factor of 30249579?
True
Does 541 divide 11092664?
True
Is 5118282700 a multiple of 38?
True
Does 974 divide 263944260?
True
Does 819 divide 76048245?
True
Does 20 divide 656164020?
True
Is 45 a factor of 2983095?
True
Is 11 a factor of 23801327?
True
Is 834 a factor of 222547896?
True
Does 27 divide 11513531?
False
Is 16 a factor of 7157509?
False
Does 490 divide 13435800?
True
Does 28 divide 63935268?
False
Is 237 a factor of 2857995?
False
Is 4965662 a multiple of 36?
False
Is 17 a factor of 1714100125?
False
Is 188287136 a multiple of 1719?
False
Is 849787517 a multiple of 1418?
False
Does 910 divide 14666470?
True
Is 301173965 a multiple of 69?
False
Is 55197760 even?
True
Does 794 divide 429339620?
True
Is 850025688 a multiple of 19233?
False
Is 641388375 a multiple of 27?
True
Does 9553 divide 1008768141?
True
Is 12 a factor of 32387736?
True
Is 4270 a factor of 126682360?
True
Does 8 divide 26065319?
False
Is 66443746 a multiple of 128?
False
Does 123 divide 917181650?
False
Is 1221 a factor of 360848235?
True
Is 28305949 a multiple of 721?
False
Is 5 a factor of 812706845?
True
Is 20 a factor of 1177901140?
True
Is 734683765 a multiple of 156?
False
Does 164 divide 8730685?
False
Is 110 a factor of 128601770?
True
Does 2 divide 7869805?
False
Is 2105125366 a multiple of 1163?
True
Does 178 divide 72829777?
False
Is 361865560 a multiple of 9?
False
Does 9 divide 340137?
True
Does 157 divide 27655079?
True
Does 40 divide 816000?
True
Does 37 divide 1174468319?
True
Is 128 a factor of 55575664?
False
Is 76168007 a multiple of 186?
False
Is 3 a factor of 90613521?
True
Is 6084016 a multiple of 8?
True
Does 7 divide 8220832?
False
Does 17 divide 14810735?
False
Does 4 divide 3942385?
False
Does 1944 divide 21418714?
False
Does 3942 divide 2270253541?
False
Does 109 divide 306992767?
False
Does 8 divide 377839504?
True
Is 5784428177 a multiple of 11?
True
Does 2565 divide 37682415?
True
Does 2 divide 3670676?
True
Does 53 divide 58622616?
False
Does 3477 divide 123131001?
True
Is 10601164 a multiple of 7?
True
Is 494 a factor of 153101569?
False
Is 23 a factor of 126954064?
False
Does 256 divide 129920080?
False
Is 523 a factor of 130057548?
True
Is 3937 a factor of 67210319?
False
Is 9038668 a multiple of 419?
True
Is 27 a factor of 2308447493?
False
Does 5154 divide 355048284?
False
Is 619364 a multiple of 